 units digit of 8418?
8
What is the tens digit of 2687?
8
What is the units digit of 3693?
3
What is the hundreds digit of 53194?
1
What is the tens digit of 2671?
7
What is the units digit of 1457?
7
What is the ten thousands digit of 13617?
1
What is the tens digit of 1626?
2
What is the hundreds digit of 3621?
6
What is the hundreds digit of 33124?
1
What is the hundreds digit of 1553?
5
What is the units digit of 30695?
5
What is the hundreds digit of 16494?
4
What is the ten thousands digit of 33065?
3
What is the tens digit of 21752?
5
What is the thousands digit of 4211?
4
What is the units digit of 1473?
3
What is the units digit of 9608?
8
What is the hundreds digit of 2185?
1
What is the hundreds digit of 20792?
7
What is the units digit of 364?
4
What is the tens digit of 15432?
3
What is the units digit of 1148?
8
What is the thousands digit of 9574?
9
What is the units digit of 1651?
1
What is the tens digit of 14970?
7
What is the tens digit of 367?
6
What is the hundreds digit of 19406?
4
What is the tens digit of 104?
0
What is the ten thousands digit of 16278?
1
What is the units digit of 3821?
1
What is the tens digit of 678?
7
What is the units digit of 1510?
0
What is the hundreds digit of 3652?
6
What is the thousands digit of 8583?
8
What is the units digit of 120700?
0
What is the hundreds digit of 24740?
7
What is the tens digit of 2619?
1
What is the tens digit of 6311?
1
What is the units digit of 13842?
2
What is the thousands digit of 5355?
5
What is the hundreds digit of 4464?
4
What is the tens digit of 467?
6
What is the tens digit of 438?
3
What is the units digit of 98896?
6
What is the hundreds digit of 1388?
3
What is the hundreds digit of 129428?
4
What is the hundreds digit of 1268?
2
What is the tens digit of 3122?
2
What is the hundreds digit of 17029?
0
What is the tens digit of 36177?
7
What is the units digit of 624?
4
What is the units digit of 53984?
4
What is the thousands digit of 1035?
1
What is the tens digit of 470?
7
What is the hundreds digit of 1260?
2
What is the tens digit of 11041?
4
What is the hundred thousands digit of 114533?
1
What is the tens digit of 1004?
0
What is the thousands digit of 63366?
3
What is the hundreds digit of 1070?
0
What is the tens digit of 1892?
9
What is the hundreds digit of 357?
3
What is the units digit of 3639?
9
What is the ten thousands digit of 13021?
1
What is the units digit of 1302?
2
What is the ten thousands digit of 74831?
7
What is the tens digit of 99739?
3
What is the units digit of 155677?
7
What is the thousands digit of 87521?
7
What is the tens digit of 21506?
0
What is the hundreds digit of 13187?
1
What is the tens digit of 3942?
4
What is the units digit of 12?
2
What is the thousands digit of 7079?
7
What is the units digit of 20730?
0
What is the ten thousands digit of 26726?
2
What is the tens digit of 225?
2
What is the units digit of 747?
7
What is the tens digit of 1735?
3
What is the hundreds digit of 1213?
2
What is the tens digit of 7548?
4
What is the hundreds digit of 740?
7
What is the hundreds digit of 1415?
4
What is the thousands digit of 7124?
7
What is the tens digit of 44?
4
What is the thousands digit of 8371?
8
What is the ten thousands digit of 131018?
3
What is the tens digit of 5788?
8
What is the units digit of 70324?
4
What is the hundreds digit of 615?
6
What is the thousands digit of 1703?
1
What is the tens digit of 1305?
0
What is the ten thousands digit of 90359?
9
What is the units digit of 1526?
6
What is the units digit of 14349?
9
What is the hundreds digit of 633?
6
What is the tens digit of 1198?
9
What is the tens digit of 23107?
0
What is the units digit of 5007?
7
What is the units digit of 7721?
1
What is the units digit of 959?
9
What is the hundreds digit of 135420?
4
What is the tens digit of 5713?
1
What is the tens digit of 33726?
2
What is the hundreds digit of 16204?
2
What is the hundreds digit of 5691?
6
What is the thousands digit of 4881?
4
What is the hundreds digit of 115?
1
What is the hundreds digit of 224?
2
What is the units digit of 30545?
5
What is the units digit of 302?
2
What is the hundreds digit of 1160?
1
What is the units digit of 1138?
8
What is the tens digit of 3705?
0
What is the tens digit of 381?
8
What is the units digit of 17319?
9
What is the tens digit of 19828?
2
What is the hundreds digit of 1565?
5
What is the units digit of 699?
9
What is the tens digit of 6610?
1
What is the hundreds digit of 186?
1
What is the hundreds digit of 380?
3
What is the hundreds digit of 846?
8
What is the thousands digit of 3710?
3
What is the thousands digit of 14662?
4
What is the units digit of 560?
0
What is the tens digit of 2806?
0
What is the hundreds digit of 36897?
8
What is the thousands digit of 1732?
1
What is the ten thousands digit of 37071?
3
What is the tens digit of 5155?
5
What is the tens digit of 386?
8
What is the tens digit of 1373?
7
What is the tens digit of 104432?
3
What is the thousands digit of 1109?
1
What is the hundreds digit of 554?
5
What is the units digit of 93?
3
What is the ten thousands digit of 74010?
7
What is the hundreds digit of 11392?
3
What is the units digit of 1863?
3
What is the thousands digit of 1035?
1
What is the units digit of 2284?
4
What is the units digit of 2609?
9
What is the hundreds digit of 3756?
7
What is the tens digit of 311?
1
What is the tens digit of 10015?
1
What is the units digit of 13057?
7
What is the tens digit of 646?
4
What is the hundred thousands digit of 135359?
1
What is the tens digit of 83565?
6
What is the hundreds digit of 15814?
8
What is the units digit of 439?
9
What is the tens digit of 503?
0
What is the units digit of 1879?
9
What is the units digit of 296?
6
What is the hundreds digit of 790?
7
What is the hundreds digit of 1678?
6
What is the hundreds digit of 1005?
0
What is the hundreds digit of 171103?
1
What is the units digit of 1599?
9
What is the thousands digit of 1030?
1
What is the hundreds digit of 47911?
9
What is the thousands digit of 22996?
2
What is the thousands digit of 1662?
1
What is the tens digit of 21318?
1
What is the thousands digit of 7215?
7
What is the thousands digit of 1270?
1
What is the tens digit of 395?
9
What is the thousands digit of 8333?
8
What is the thousands digit of 40661?
0
What is the hundreds digit of 176?
1
What is the tens digit of 28675?
7
What is the tens digit of 619?
1
What is the hundreds digit of 28916?
9
What is the units digit of 2143?
3
What is the ten thousands digit of 21726?
2
What is the units digit of 2061?
1
What is the ten thousands digit of 36905?
3
What is the units digit of 7530?
0
What is the hundreds digit of 17955?
9
What is the hundreds digit of 789?
7
What is the thousands digit of 4355?
4
What is the thousands digit of 1824?
1
What is the hundreds digit of 2951?
9
What is the hundreds digit of 10672?
6
What is the units digit of 96488?
8
What is the hundreds digit of 5227?
2
What is the units digit of 755?
5
What is the thousands digit of 19243?
9
What is the thousands digit of 1862?
1
What is the units digit of 72647?
7
What is the hundreds digit of 7371?
3
What is the hundreds digit of 188356?
3
What is the tens digit of 858?
5
What is the thousands digit of 12907?
2
What is the units digit of 2746?
6
What is the ten thousands digit of 15927?
1
What is the units digit of 15862?
2
What is the tens digit of 1127?
2
What is the tens digit of 267?
6
What is the units digit of 2565?
5
What is the hundreds digit of 10323?
3
What is the units digit of 1289?
9
What is the hundreds digit of 9970?
9
What is the thousands digit of 71012?
1
What is the thousands digit of 27242?
7
What is the tens digit of 1415?
1
What is the units digit of 343?
3
What is the thousands digit of 1230?
1
What is the tens digit of 5121?
2
What is the units digit of 5828?
8
What is the hundreds digit of 61405?
4
What is the hundreds digit of 7289?
2
What is the units digit of 137?
7
What is the ten thousands digit of 58440?
5
What is the hundreds digit of 5434?
4
What is the hundreds digit of 3018?
0
What is the units digit of 82?
2
What is the thousands digit of 1350?
1
What is the thousands digit of 146220?
6
What is the ten thousands digit of 1